{"id":2566,"date":"2025-11-14T17:56:57","date_gmt":"2025-11-14T17:56:57","guid":{"rendered":"https:\/\/site1763138105.mywhc.ca\/?page_id=2566"},"modified":"2026-01-28T21:34:53","modified_gmt":"2026-01-28T21:34:53","slug":"liens-utiles","status":"publish","type":"page","link":"https:\/\/conformiteglobale.com\/?page_id=2566","title":{"rendered":"Liens utiles"},"content":{"rendered":"<h1>Liens utiles<\/h1>\n<ul>\n<li>\n<h3>DOCUMENTS<\/h3>\n<div>\n<ul>\n<li>\n<div><a rel=\"nofollow noopener noreferrer\" target=\"_blank\" href=\"https:\/\/saaq.gouv.qc.ca\/blob\/saaq\/documents\/publications\/obligations-conducteurs-vehicules-lourds.pdf\">Obligations des utilisateurs de v\u00e9hicules lourds<\/a><\/p>\n<\/div>\n<\/li>\n<li><a rel=\"nofollow noopener noreferrer\" target=\"_blank\" href=\"https:\/\/saaq.gouv.qc.ca\/blob\/saaq\/documents\/publications\/conduite-repos-vehicules-lourds.pdf\">Guide des heures de conduite et de repos<\/a>\n<\/li>\n<li>\n<div><a rel=\"nofollow noopener noreferrer\" target=\"_blank\" href=\"https:\/\/saaq.gouv.qc.ca\/blob\/saaq\/documents\/publications\/guide-ronde-securite.pdf\">La ronde de s\u00e9curit\u00e9<\/a><\/p>\n<\/div>\n<\/li>\n<li>\n<div><a rel=\"nofollow noopener noreferrer\" target=\"_blank\" href=\"https:\/\/saaq.gouv.qc.ca\/blob\/saaq\/documents\/publications\/politique-evaluation-comportement-pevl.pdf\">La Politique d&rsquo;\u00c9valuation du Comportement des propri\u00e9taires et des exploitants de v\u00e9hicules lourds<\/a><\/p>\n<\/div>\n<\/li>\n<li>\n<p class=\"yiv2700253809font_7\"><a rel=\"nofollow noopener noreferrer\" target=\"_blank\" href=\"https:\/\/saaq.gouv.qc.ca\/blob\/saaq\/documents\/formulaires\/demande-regularisation-dossier-pecvl.pdf\">Demande de r\u00e9gularisation du dossier PECVL\u00a0\u00a0<\/a><\/p>\n<\/li>\n<li>\n<p class=\"yiv2700253809font_7\"><a rel=\"nofollow noopener noreferrer\" target=\"_blank\" href=\"https:\/\/saaq.gouv.qc.ca\/blob\/saaq\/documents\/formulaires\/demande-copie-rapports-intervention-route-entreprise.pdf\">Demande de RAPPORT INTERVENTION SUR ROUTE<\/a><\/p>\n<\/li>\n<li>\n<div>Registre des propri\u00e9taires et exploitants de v\u00e9hicules lourds :<\/div>\n<ul>\n<li>\n<p class=\"yiv2700253809font_7\"><a rel=\"nofollow noopener noreferrer\" target=\"_blank\" href=\"https:\/\/www.pes.ctq.gouv.qc.ca\/pes2\/mvc\/rpevlinscription;jsessionid=6C85ACD5C8245A8E0538150E886AC19A?execution=e1s1\">Demande d\u2019inscription<\/a><\/p>\n<\/li>\n<li>\n<p class=\"yiv2700253809font_7\"><a rel=\"nofollow noopener noreferrer\" target=\"_blank\" href=\"https:\/\/www.pes.ctq.gouv.qc.ca\/pes2\/mvc\/rpevlmiseajour?execution=e2s1\">Demande de mise \u00e0 jour<\/a><\/p>\n<\/li>\n<\/ul>\n<\/li>\n<li>\n<p class=\"yiv2700253809font_7\"><a rel=\"nofollow noopener noreferrer\" target=\"_blank\" href=\"https:\/\/saaq.gouv.qc.ca\/blob\/saaq\/documents\/formulaires\/avis-non-responsabilite-accident.pdf\">Preuve de non-responsabilit\u00e9 &#8211; accident &#8211; v\u00e9hicule<\/a><\/p>\n<\/li>\n<li>\n<div><a rel=\"nofollow noopener noreferrer\" target=\"_blank\" href=\"https:\/\/saaq.gouv.qc.ca\/blob\/saaq\/documents\/publications\/guide-verification-mecanique.pdf\">Le guide de v\u00e9rification m\u00e9canique des v\u00e9hicules<\/a><\/div>\n<\/li>\n<\/ul>\n<\/div>\n<\/li>\n<li>\n<h3>FICHES D&rsquo;ENTRETIEN<\/h3>\n<div>\n<ul>\n<li>\n<p class=\"yiv2700253809font_7\"><a rel=\"nofollow noopener noreferrer\" target=\"_blank\" href=\"https:\/\/saaq.gouv.qc.ca\/blob\/saaq\/documents\/publications\/exemple-fiche-entretien-autobus.pdf\">Autobus\u200b<\/a><\/p>\n<\/li>\n<li>\n<p class=\"yiv2700253809font_7\"><a rel=\"nofollow noopener noreferrer\" target=\"_blank\" href=\"https:\/\/saaq.gouv.qc.ca\/blob\/saaq\/documents\/publications\/exemple-fiche-entretien-camion.pdf\">Camion<\/a><\/p>\n<\/li>\n<li>\n<p class=\"yiv2700253809font_7\"><a rel=\"nofollow noopener noreferrer\" target=\"_blank\" href=\"https:\/\/saaq.gouv.qc.ca\/blob\/saaq\/documents\/publications\/exemple-fiche-entretien.pdf\">Remorque<\/a><\/p>\n<\/li>\n<li>\n<p class=\"yiv2700253809font_7\"><a rel=\"nofollow noopener noreferrer\" target=\"_blank\" href=\"https:\/\/saaq.gouv.qc.ca\/blob\/saaq\/documents\/publications\/exemple-registre-mesures-freins-pneus.pdf\">Registre des mesures de freins et pneus<\/a><\/p>\n<\/li>\n<\/ul>\n<\/div>\n<\/li>\n<li>\n<h3>PUBLICATIONS<\/h3>\n<div>\n<div dir=\"ltr\"><strong><\/strong><\/div>\n<ul>\n<li>\n<p class=\"yiv2700253809font_7\"><a rel=\"nofollow noopener noreferrer\" target=\"_blank\" href=\"https:\/\/saaq.gouv.qc.ca\/transport-biens\/le-relayeur\">Le Relayeur<\/a><\/p>\n<\/li>\n<li>\n<p class=\"yiv2700253809font_7\"><a rel=\"nofollow noopener noreferrer\" target=\"_blank\" href=\"https:\/\/saaq.gouv.qc.ca\/blob\/saaq\/documents\/publications\/bulletin-information-vehicule-lourd-14.pdf\">Bulletin d&rsquo;information &#8211; PECVL<\/a><\/p>\n<\/li>\n<\/ul>\n<ul><\/ul>\n<\/div>\n<\/li>\n<li>\n<h3>SITES INTERNET<\/h3>\n<div>\n<div dir=\"ltr\"><strong><\/strong><\/p>\n<ul>\n<li>\n<p class=\"yiv2700253809font_7\"><a rel=\"nofollow noopener noreferrer\" target=\"_blank\" href=\"https:\/\/www.ctq.gouv.qc.ca\/\">Commission des Transports du Qu\u00e9bec<\/a><\/p>\n<\/li>\n<li>\n<p class=\"yiv2700253809font_7\"><a rel=\"nofollow noopener noreferrer\" target=\"_blank\" href=\"https:\/\/saaq.gouv.qc.ca\/controle-routier-quebec\">Contr\u00f4le routier Qu\u00e9bec<\/a><\/p>\n<\/li>\n<li>\n<p class=\"yiv2700253809font_7\"><a rel=\"nofollow noopener noreferrer\" target=\"_blank\" href=\"https:\/\/saaq.gouv.qc.ca\/transport-biens\">Soci\u00e9t\u00e9 de l&rsquo;assurance automobile du Qu\u00e9bec &#8211; Transport de biens<\/a><\/p>\n<\/li>\n<li>\n<p class=\"yiv2700253809font_7\"><a rel=\"nofollow noopener noreferrer\" target=\"_blank\" href=\"https:\/\/saaq.gouv.qc.ca\/transport-personnes\">Soci\u00e9t\u00e9 de l&rsquo;assurance automobile du Qu\u00e9bec &#8211; Transport de personnes<\/a><\/p>\n<\/li>\n<\/ul>\n<\/div>\n<ul><\/ul>\n<\/div>\n<\/li>\n<\/ul>\n<p><!--more--><br \/>\n<!-- {\"type\":\"layout\",\"children\":[{\"type\":\"section\",\"props\":{\"image_position\":\"center-center\",\"style\":\"default\",\"title_breakpoint\":\"xl\",\"title_position\":\"top-left\",\"title_rotation\":\"left\",\"vertical_align\":\"middle\",\"width\":\"large\"},\"children\":[{\"type\":\"row\",\"props\":{\"layout\":\"1-4,3-4\"},\"children\":[{\"type\":\"column\",\"props\":{\"image_position\":\"center-center\",\"position_sticky_breakpoint\":\"m\",\"width_medium\":\"1-4\"},\"children\":[{\"type\":\"headline\",\"props\":{\"content\":\"Liens utiles\",\"title_element\":\"h1\"}}]},{\"type\":\"column\",\"props\":{\"image_position\":\"center-center\",\"position_sticky_breakpoint\":\"m\",\"width_medium\":\"3-4\"},\"children\":[{\"type\":\"text\",\"props\":{\"column_breakpoint\":\"m\",\"content\":\"\n\n<ul>\\n\n\n<li style=\\\"list-style-type: none;\\\">\\n\n\n<ul class=\\\"ul1\\\">\\n\n\n<li class=\\\"li1\\\"><span class=\\\"s1\\\"><\\\/span>\\n\n\n<p class=\\\"yiv2700253809font_7\\\"><strong>DOCUMENTS<\\\/strong><\\\/p>\\n\n\n<ul>\\n\n\n<li>\\n\n\n<div><a rel=\\\"nofollow noopener noreferrer\\\" target=\\\"_blank\\\" href=\\\"https:\\\/\\\/saaq.gouv.qc.ca\\\/blob\\\/saaq\\\/documents\\\/publications\\\/obligations-conducteurs-vehicules-lourds.pdf\\\">Obligations des utilisateurs de v\\u00e9hicules lourds<\\\/a><\\\/div>\\n<\\\/li>\\n\n\n<li>\\n\n\n<div><a rel=\\\"nofollow noopener noreferrer\\\" target=\\\"_blank\\\" href=\\\"https:\\\/\\\/saaq.gouv.qc.ca\\\/blob\\\/saaq\\\/documents\\\/publications\\\/guide-ronde-securite.pdf\\\">La ronde de s\\u00e9curit\\u00e9<\\\/a><\\\/div>\\n<\\\/li>\\n\n\n<li>\\n\n\n<div><a rel=\\\"nofollow noopener noreferrer\\\" target=\\\"_blank\\\" href=\\\"https:\\\/\\\/saaq.gouv.qc.ca\\\/blob\\\/saaq\\\/documents\\\/publications\\\/politique-evaluation-comportement-pevl.pdf\\\">La Politique d'\\u00c9valuation du Comportement des propri\\u00e9taires et des exploitants de v\\u00e9hicules lourds<\\\/a><\\\/div>\\n<\\\/li>\\n\n\n<li>\\n\n\n<p class=\\\"yiv2700253809font_7\\\"><a rel=\\\"nofollow noopener noreferrer\\\" target=\\\"_blank\\\" href=\\\"https:\\\/\\\/saaq.gouv.qc.ca\\\/blob\\\/saaq\\\/documents\\\/formulaires\\\/demande-regularisation-dossier-pecvl.pdf\\\">Demande de r\\u00e9gularisation du dossier PECVL\\u00a0\\u00a0<\\\/a><\\\/p>\\n<\\\/li>\\n\n\n<li>\\n\n\n<p class=\\\"yiv2700253809font_7\\\"><a rel=\\\"nofollow noopener noreferrer\\\" target=\\\"_blank\\\" href=\\\"https:\\\/\\\/saaq.gouv.qc.ca\\\/blob\\\/saaq\\\/documents\\\/formulaires\\\/demande-copie-rapports-intervention-route-entreprise.pdf\\\">Demande de RAPPORT INTERVENTION SUR ROUTE<\\\/a><\\\/p>\\n<\\\/li>\\n\n\n<li>\\n\n\n<div><b>Registre des propri\\u00e9taires et exploitants de v\\u00e9hicules lourds :<\\\/b><\\\/div>\\n\n\n<ul>\\n\n\n<li>\\n\n\n<p class=\\\"yiv2700253809font_7\\\"><a rel=\\\"nofollow noopener noreferrer\\\" target=\\\"_blank\\\" href=\\\"https:\\\/\\\/www.pes.ctq.gouv.qc.ca\\\/pes2\\\/mvc\\\/rpevlinscription;jsessionid=6C85ACD5C8245A8E0538150E886AC19A?execution=e1s1\\\">Demande d\\u2019inscription<\\\/a><\\\/p>\\n<\\\/li>\\n\n\n<li>\\n\n\n<p class=\\\"yiv2700253809font_7\\\"><a rel=\\\"nofollow noopener noreferrer\\\" target=\\\"_blank\\\" href=\\\"https:\\\/\\\/www.pes.ctq.gouv.qc.ca\\\/pes2\\\/mvc\\\/rpevlmiseajour?execution=e2s1\\\">Demande de mise \\u00e0 jour<\\\/a><\\\/p>\\n<\\\/li>\\n<\\\/ul>\\n<\\\/li>\\n\n\n<li>\\n\n\n<p class=\\\"yiv2700253809font_7\\\"><a rel=\\\"nofollow noopener noreferrer\\\" target=\\\"_blank\\\" href=\\\"https:\\\/\\\/saaq.gouv.qc.ca\\\/blob\\\/saaq\\\/documents\\\/formulaires\\\/avis-non-responsabilite-accident.pdf\\\">Preuve de non-responsabilit\\u00e9 - accident - v\\u00e9hicule<\\\/a><\\\/p>\\n<\\\/li>\\n\n\n<li>\\n\n\n<div><a rel=\\\"nofollow noopener noreferrer\\\" target=\\\"_blank\\\" href=\\\"https:\\\/\\\/saaq.gouv.qc.ca\\\/blob\\\/saaq\\\/documents\\\/publications\\\/guide-verification-mecanique.pdf\\\">L<u>e guide de v\\u00e9rification m\\u00e9canique des v\\u00e9hicules<\\\/u><\\\/a><\\\/div>\\n<\\\/li>\\n\n\n<li><\\\/li>\\n\n\n<li>\\n\n\n<div><strong>Les fiches d'entretien<\\\/strong><\\\/div>\\n\n\n<ul>\\n\n\n<li>\\n\n\n<p class=\\\"yiv2700253809font_7\\\"><a rel=\\\"nofollow noopener noreferrer\\\" target=\\\"_blank\\\" href=\\\"https:\\\/\\\/saaq.gouv.qc.ca\\\/blob\\\/saaq\\\/documents\\\/publications\\\/exemple-fiche-entretien-autobus.pdf\\\">Autobus\\u200b<\\\/a><\\\/p>\\n<\\\/li>\\n\n\n<li>\\n\n\n<p class=\\\"yiv2700253809font_7\\\"><a rel=\\\"nofollow noopener noreferrer\\\" target=\\\"_blank\\\" href=\\\"https:\\\/\\\/saaq.gouv.qc.ca\\\/blob\\\/saaq\\\/documents\\\/publications\\\/exemple-fiche-entretien-camion.pdf\\\">Camion<\\\/a><\\\/p>\\n<\\\/li>\\n\n\n<li>\\n\n\n<p class=\\\"yiv2700253809font_7\\\"><a rel=\\\"nofollow noopener noreferrer\\\" target=\\\"_blank\\\" href=\\\"https:\\\/\\\/saaq.gouv.qc.ca\\\/blob\\\/saaq\\\/documents\\\/publications\\\/exemple-fiche-entretien.pdf\\\">Remorque<\\\/a><\\\/p>\\n<\\\/li>\\n\n\n<li>\\n\n\n<p class=\\\"yiv2700253809font_7\\\"><a rel=\\\"nofollow noopener noreferrer\\\" target=\\\"_blank\\\" href=\\\"https:\\\/\\\/saaq.gouv.qc.ca\\\/blob\\\/saaq\\\/documents\\\/publications\\\/exemple-registre-mesures-freins-pneus.pdf\\\">Registre des mesures de freins et pneus<\\\/a><\\\/p>\\n<\\\/li>\\n<\\\/ul>\\n<\\\/li>\\n<\\\/ul>\\n\n\n<div dir=\\\"ltr\\\"><a rel=\\\"nofollow noopener noreferrer\\\" target=\\\"_blank\\\" href=\\\"https:\\\/\\\/saaq.gouv.qc.ca\\\/blob\\\/saaq\\\/documents\\\/publications\\\/conduite-repos-vehicules-lourds.pdf\\\">Heures de conduite et de repos - Guide\\u200b<\\\/a><\\\/div>\\n\n\n<div dir=\\\"ltr\\\"><strong><\\\/strong><\\\/div>\\n\n\n<div dir=\\\"ltr\\\"><strong><\\\/strong><\\\/div>\\n\n\n<div dir=\\\"ltr\\\"><strong><\\\/strong><\\\/div>\\n<\\\/li>\\n<\\\/ul>\\n<\\\/li>\\n<\\\/ul>\\n\n\n<p><\\\/p>\\n\n\n<div dir=\\\"ltr\\\"><strong>PUBLICATIONS<\\\/strong><\\\/div>\\n\n\n<ul>\\n\n\n<li>\\n\n\n<p class=\\\"yiv2700253809font_7\\\"><a rel=\\\"nofollow noopener noreferrer\\\" target=\\\"_blank\\\" href=\\\"https:\\\/\\\/saaq.gouv.qc.ca\\\/transport-biens\\\/le-relayeur\\\">Le Relayeur<\\\/a><\\\/p>\\n<\\\/li>\\n\n\n<li>\\n\n\n<p class=\\\"yiv2700253809font_7\\\"><a rel=\\\"nofollow noopener noreferrer\\\" target=\\\"_blank\\\" href=\\\"https:\\\/\\\/saaq.gouv.qc.ca\\\/blob\\\/saaq\\\/documents\\\/publications\\\/bulletin-information-vehicule-lourd-14.pdf\\\">Bulletin d'information - PECVL<\\\/a><\\\/p>\\n<\\\/li>\\n<\\\/ul>\\n\n\n<div dir=\\\"ltr\\\"><\\\/div>\\n\n\n<div dir=\\\"ltr\\\"><strong>SITES<\\\/strong><\\\/div>\\n\n\n<ul>\\n\n\n<li style=\\\"list-style-type: none;\\\">\\n\n\n<ul>\\n\n\n<li>\\n\n\n<p class=\\\"yiv2700253809font_7\\\"><a rel=\\\"nofollow noopener noreferrer\\\" target=\\\"_blank\\\" href=\\\"https:\\\/\\\/www.ctq.gouv.qc.ca\\\/\\\">Commission des Transports du Qu\\u00e9bec<\\\/a><\\\/p>\\n<\\\/li>\\n\n\n<li>\\n\n\n<p class=\\\"yiv2700253809font_7\\\"><a rel=\\\"nofollow noopener noreferrer\\\" target=\\\"_blank\\\" href=\\\"https:\\\/\\\/saaq.gouv.qc.ca\\\/controle-routier-quebec\\\">Contr\\u00f4le routier Qu\\u00e9bec<\\\/a><\\\/p>\\n<\\\/li>\\n\n\n<li>\\n\n\n<p class=\\\"yiv2700253809font_7\\\"><a rel=\\\"nofollow noopener noreferrer\\\" target=\\\"_blank\\\" href=\\\"https:\\\/\\\/saaq.gouv.qc.ca\\\/transport-biens\\\">Soci\\u00e9t\\u00e9 de l'assurance automobile du Qu\\u00e9bec - Transport de biens<\\\/a><\\\/p>\\n<\\\/li>\\n\n\n<li>\\n\n\n<p class=\\\"yiv2700253809font_7\\\"><a rel=\\\"nofollow noopener noreferrer\\\" target=\\\"_blank\\\" href=\\\"https:\\\/\\\/saaq.gouv.qc.ca\\\/transport-personnes\\\">Soci\\u00e9t\\u00e9 de l'assurance automobile du Qu\\u00e9bec - Transport de personnes<\\\/a><\\\/p>\\n<\\\/li>\\n<\\\/ul>\\n<\\\/li>\\n<\\\/ul>\",\"margin\":\"default\",\"status\":\"disabled\"}},{\"type\":\"accordion\",\"props\":{\"collapsible\":true,\"content_column_breakpoint\":\"m\",\"image_align\":\"top\",\"image_grid_breakpoint\":\"m\",\"image_grid_width\":\"1-2\",\"image_svg_color\":\"emphasis\",\"link_style\":\"default\",\"link_text\":\"Read more\",\"show_image\":true,\"show_link\":true},\"children\":[{\"type\":\"accordion_item\",\"props\":{\"content\":\"\n\n<ul>\\n\n\n<li>\\n\n\n<div><a rel=\\\"nofollow noopener noreferrer\\\" target=\\\"_blank\\\" href=\\\"https:\\\/\\\/saaq.gouv.qc.ca\\\/blob\\\/saaq\\\/documents\\\/publications\\\/obligations-conducteurs-vehicules-lourds.pdf\\\">Obligations des utilisateurs de v\\u00e9hicules lourds<\\\/a><br \\\/><br \\\/><\\\/div>\\n<\\\/li>\\n\n\n<li><a rel=\\\"nofollow noopener noreferrer\\\" target=\\\"_blank\\\" href=\\\"https:\\\/\\\/saaq.gouv.qc.ca\\\/blob\\\/saaq\\\/documents\\\/publications\\\/conduite-repos-vehicules-lourds.pdf\\\">Guide des heures de conduite et de repos<\\\/a><br \\\/><br \\\/><\\\/li>\\n\n\n<li>\\n\n\n<div><a rel=\\\"nofollow noopener noreferrer\\\" target=\\\"_blank\\\" href=\\\"https:\\\/\\\/saaq.gouv.qc.ca\\\/blob\\\/saaq\\\/documents\\\/publications\\\/guide-ronde-securite.pdf\\\">La ronde de s\\u00e9curit\\u00e9<\\\/a><br \\\/><br \\\/><\\\/div>\\n<\\\/li>\\n\n\n<li>\\n\n\n<div><a rel=\\\"nofollow noopener noreferrer\\\" target=\\\"_blank\\\" href=\\\"https:\\\/\\\/saaq.gouv.qc.ca\\\/blob\\\/saaq\\\/documents\\\/publications\\\/politique-evaluation-comportement-pevl.pdf\\\">La Politique d'\\u00c9valuation du Comportement des propri\\u00e9taires et des exploitants de v\\u00e9hicules lourds<\\\/a><br \\\/><br \\\/><\\\/div>\\n<\\\/li>\\n\n\n<li>\\n\n\n<p class=\\\"yiv2700253809font_7\\\"><a rel=\\\"nofollow noopener noreferrer\\\" target=\\\"_blank\\\" href=\\\"https:\\\/\\\/saaq.gouv.qc.ca\\\/blob\\\/saaq\\\/documents\\\/formulaires\\\/demande-regularisation-dossier-pecvl.pdf\\\">Demande de r\\u00e9gularisation du dossier PECVL\\u00a0\\u00a0<\\\/a><\\\/p>\\n<\\\/li>\\n\n\n<li>\\n\n\n<p class=\\\"yiv2700253809font_7\\\"><a rel=\\\"nofollow noopener noreferrer\\\" target=\\\"_blank\\\" href=\\\"https:\\\/\\\/saaq.gouv.qc.ca\\\/blob\\\/saaq\\\/documents\\\/formulaires\\\/demande-copie-rapports-intervention-route-entreprise.pdf\\\">Demande de RAPPORT INTERVENTION SUR ROUTE<\\\/a><\\\/p>\\n<\\\/li>\\n\n\n<li>\\n\n\n<div>Registre des propri\\u00e9taires et exploitants de v\\u00e9hicules lourds :<\\\/div>\\n\n\n<ul>\\n\n\n<li>\\n\n\n<p class=\\\"yiv2700253809font_7\\\"><a rel=\\\"nofollow noopener noreferrer\\\" target=\\\"_blank\\\" href=\\\"https:\\\/\\\/www.pes.ctq.gouv.qc.ca\\\/pes2\\\/mvc\\\/rpevlinscription;jsessionid=6C85ACD5C8245A8E0538150E886AC19A?execution=e1s1\\\">Demande d\\u2019inscription<\\\/a><\\\/p>\\n<\\\/li>\\n\n\n<li>\\n\n\n<p class=\\\"yiv2700253809font_7\\\"><a rel=\\\"nofollow noopener noreferrer\\\" target=\\\"_blank\\\" href=\\\"https:\\\/\\\/www.pes.ctq.gouv.qc.ca\\\/pes2\\\/mvc\\\/rpevlmiseajour?execution=e2s1\\\">Demande de mise \\u00e0 jour<\\\/a><\\\/p>\\n<\\\/li>\\n<\\\/ul>\\n<\\\/li>\\n\n\n<li>\\n\n\n<p class=\\\"yiv2700253809font_7\\\"><a rel=\\\"nofollow noopener noreferrer\\\" target=\\\"_blank\\\" href=\\\"https:\\\/\\\/saaq.gouv.qc.ca\\\/blob\\\/saaq\\\/documents\\\/formulaires\\\/avis-non-responsabilite-accident.pdf\\\">Preuve de non-responsabilit\\u00e9 - accident - v\\u00e9hicule<\\\/a><\\\/p>\\n<\\\/li>\\n\n\n<li>\\n\n\n<div><a rel=\\\"nofollow noopener noreferrer\\\" target=\\\"_blank\\\" href=\\\"https:\\\/\\\/saaq.gouv.qc.ca\\\/blob\\\/saaq\\\/documents\\\/publications\\\/guide-verification-mecanique.pdf\\\">Le guide de v\\u00e9rification m\\u00e9canique des v\\u00e9hicules<\\\/a><\\\/div>\\n<\\\/li>\\n<\\\/ul>\",\"title\":\"DOCUMENTS\"}},{\"type\":\"accordion_item\",\"props\":{\"content\":\"\n\n<ul>\\n\n\n<li>\\n\n\n<p class=\\\"yiv2700253809font_7\\\"><a rel=\\\"nofollow noopener noreferrer\\\" target=\\\"_blank\\\" href=\\\"https:\\\/\\\/saaq.gouv.qc.ca\\\/blob\\\/saaq\\\/documents\\\/publications\\\/exemple-fiche-entretien-autobus.pdf\\\">Autobus\\u200b<\\\/a><\\\/p>\\n<\\\/li>\\n\n\n<li>\\n\n\n<p class=\\\"yiv2700253809font_7\\\"><a rel=\\\"nofollow noopener noreferrer\\\" target=\\\"_blank\\\" href=\\\"https:\\\/\\\/saaq.gouv.qc.ca\\\/blob\\\/saaq\\\/documents\\\/publications\\\/exemple-fiche-entretien-camion.pdf\\\">Camion<\\\/a><\\\/p>\\n<\\\/li>\\n\n\n<li>\\n\n\n<p class=\\\"yiv2700253809font_7\\\"><a rel=\\\"nofollow noopener noreferrer\\\" target=\\\"_blank\\\" href=\\\"https:\\\/\\\/saaq.gouv.qc.ca\\\/blob\\\/saaq\\\/documents\\\/publications\\\/exemple-fiche-entretien.pdf\\\">Remorque<\\\/a><\\\/p>\\n<\\\/li>\\n\n\n<li>\\n\n\n<p class=\\\"yiv2700253809font_7\\\"><a rel=\\\"nofollow noopener noreferrer\\\" target=\\\"_blank\\\" href=\\\"https:\\\/\\\/saaq.gouv.qc.ca\\\/blob\\\/saaq\\\/documents\\\/publications\\\/exemple-registre-mesures-freins-pneus.pdf\\\">Registre des mesures de freins et pneus<\\\/a><\\\/p>\\n<\\\/li>\\n<\\\/ul>\",\"title\":\"FICHES D'ENTRETIEN\"}},{\"type\":\"accordion_item\",\"props\":{\"content\":\"\n\n<div dir=\\\"ltr\\\"><strong><\\\/strong><\\\/div>\\n\n\n<ul>\\n\n\n<li>\\n\n\n<p class=\\\"yiv2700253809font_7\\\"><a rel=\\\"nofollow noopener noreferrer\\\" target=\\\"_blank\\\" href=\\\"https:\\\/\\\/saaq.gouv.qc.ca\\\/transport-biens\\\/le-relayeur\\\">Le Relayeur<\\\/a><\\\/p>\\n<\\\/li>\\n\n\n<li>\\n\n\n<p class=\\\"yiv2700253809font_7\\\"><a rel=\\\"nofollow noopener noreferrer\\\" target=\\\"_blank\\\" href=\\\"https:\\\/\\\/saaq.gouv.qc.ca\\\/blob\\\/saaq\\\/documents\\\/publications\\\/bulletin-information-vehicule-lourd-14.pdf\\\">Bulletin d'information - PECVL<\\\/a><\\\/p>\\n<\\\/li>\\n<\\\/ul>\\n\n\n<ul><\\\/ul>\",\"title\":\"PUBLICATIONS\"}},{\"type\":\"accordion_item\",\"props\":{\"content\":\"\n\n<div dir=\\\"ltr\\\"><strong><\\\/strong>\\n\n\n<ul>\\n\n\n<li>\\n\n\n<p class=\\\"yiv2700253809font_7\\\"><a rel=\\\"nofollow noopener noreferrer\\\" target=\\\"_blank\\\" href=\\\"https:\\\/\\\/www.ctq.gouv.qc.ca\\\/\\\">Commission des Transports du Qu\\u00e9bec<\\\/a><\\\/p>\\n<\\\/li>\\n\n\n<li>\\n\n\n<p class=\\\"yiv2700253809font_7\\\"><a rel=\\\"nofollow noopener noreferrer\\\" target=\\\"_blank\\\" href=\\\"https:\\\/\\\/saaq.gouv.qc.ca\\\/controle-routier-quebec\\\">Contr\\u00f4le routier Qu\\u00e9bec<\\\/a><\\\/p>\\n<\\\/li>\\n\n\n<li>\\n\n\n<p class=\\\"yiv2700253809font_7\\\"><a rel=\\\"nofollow noopener noreferrer\\\" target=\\\"_blank\\\" href=\\\"https:\\\/\\\/saaq.gouv.qc.ca\\\/transport-biens\\\">Soci\\u00e9t\\u00e9 de l'assurance automobile du Qu\\u00e9bec - Transport de biens<\\\/a><\\\/p>\\n<\\\/li>\\n\n\n<li>\\n\n\n<p class=\\\"yiv2700253809font_7\\\"><a rel=\\\"nofollow noopener noreferrer\\\" target=\\\"_blank\\\" href=\\\"https:\\\/\\\/saaq.gouv.qc.ca\\\/transport-personnes\\\">Soci\\u00e9t\\u00e9 de l'assurance automobile du Qu\\u00e9bec - Transport de personnes<\\\/a><\\\/p>\\n<\\\/li>\\n<\\\/ul>\\n<\\\/div>\\n\n\n<ul><\\\/ul>\",\"title\":\"SITES INTERNET\"}}]}]}]}]}],\"version\":\"4.5.33\"} --><\/p>\n","protected":false},"excerpt":{"rendered":"<p>Liens utiles DOCUMENTS Obligations des utilisateurs de v\u00e9hicules lourds Guide des heures de conduite et de repos La ronde de s\u00e9curit\u00e9 La Politique d&rsquo;\u00c9valuation du Comportement des propri\u00e9taires et des exploitants de v\u00e9hicules lourds Demande de r\u00e9gularisation du dossier PECVL\u00a0\u00a0 Demande de RAPPORT INTERVENTION SUR ROUTE Registre des propri\u00e9taires et exploitants de v\u00e9hicules lourds : [&hellip;]<\/p>\n","protected":false},"author":1,"featured_media":0,"parent":0,"menu_order":0,"comment_status":"closed","ping_status":"closed","template":"","meta":{"footnotes":""},"class_list":["post-2566","page","type-page","status-publish","hentry"],"_links":{"self":[{"href":"https:\/\/conformiteglobale.com\/index.php?rest_route=\/wp\/v2\/pages\/2566","targetHints":{"allow":["GET"]}}],"collection":[{"href":"https:\/\/conformiteglobale.com\/index.php?rest_route=\/wp\/v2\/pages"}],"about":[{"href":"https:\/\/conformiteglobale.com\/index.php?rest_route=\/wp\/v2\/types\/page"}],"author":[{"embeddable":true,"href":"https:\/\/conformiteglobale.com\/index.php?rest_route=\/wp\/v2\/users\/1"}],"replies":[{"embeddable":true,"href":"https:\/\/conformiteglobale.com\/index.php?rest_route=%2Fwp%2Fv2%2Fcomments&post=2566"}],"version-history":[{"count":36,"href":"https:\/\/conformiteglobale.com\/index.php?rest_route=\/wp\/v2\/pages\/2566\/revisions"}],"predecessor-version":[{"id":2806,"href":"https:\/\/conformiteglobale.com\/index.php?rest_route=\/wp\/v2\/pages\/2566\/revisions\/2806"}],"wp:attachment":[{"href":"https:\/\/conformiteglobale.com\/index.php?rest_route=%2Fwp%2Fv2%2Fmedia&parent=2566"}],"curies":[{"name":"wp","href":"https:\/\/api.w.org\/{rel}","templated":true}]}}