{"id":1,"date":"2020-11-17T13:56:54","date_gmt":"2020-11-17T13:56:54","guid":{"rendered":"https:\/\/site1763138105.mywhc.ca\/?page_id=1"},"modified":"2025-11-18T16:14:13","modified_gmt":"2025-11-18T16:14:13","slug":"home","status":"publish","type":"page","link":"https:\/\/conformiteglobale.com\/","title":{"rendered":"Accueil"},"content":{"rendered":"<div>\n<p>        <img decoding=\"async\" src=\"\/wp-content\/uploads\/2025\/11\/Image-accueil01.jpg\" alt=\"\"><\/p>\n<h3>Solutions Conformit\u00e9 Globale<\/h3>\n<p>Experts conseils sp\u00e9cialistes du transport<\/p>\n<\/div>\n<div>\n<p>        <img decoding=\"async\" src=\"\/wp-content\/uploads\/2025\/11\/Image-accueil01.jpg\" alt=\"\"><\/p>\n<h3>Solutions <\/br>Conformit\u00e9 <\/br>Globale<\/h3>\n<p>Experts conseils sp\u00e9cialistes <\/br>du transport<\/p>\n<\/div>\n<div>\n<p dir=\"ltr\" class=\"yiv1126694413MsoNormal\"><span>Les exigences en mati\u00e8re de conformit\u00e9 sont de plus en plus complexes et strictes.<\/span><\/p>\n<p class=\"yiv1126694413MsoNormal\"><span>Les contr\u00f4les se multiplient et les risques financiers et op\u00e9rationnels sont bien r\u00e9els.<\/span><\/p>\n<div dir=\"ltr\"><span>Nous offrons des solutions pour r\u00e9duire les risques, s\u00e9curiser les op\u00e9rations et faciliter le travail quotidien des gestionnaires de flotte.<\/span><\/div>\n<\/div>\n<p><!--more--><br \/>\n<!-- {\"type\":\"layout\",\"children\":[{\"name\":\"Hero\",\"type\":\"section\",\"props\":{\"animation_delay\":false,\"image_position\":\"center-center\",\"padding\":\"none\",\"style\":\"default\",\"title_breakpoint\":\"xl\",\"title_position\":\"top-left\",\"title_rotation\":\"left\",\"vertical_align\":\"\",\"width\":\"\"},\"children\":[{\"type\":\"row\",\"children\":[{\"type\":\"column\",\"props\":{\"image_position\":\"center-center\",\"position_sticky_breakpoint\":\"m\",\"width_medium\":\"1-1\"},\"children\":[{\"type\":\"panel\",\"props\":{\"blend\":false,\"class\":\"uk-visible@s\",\"content\":\"\",\"content_column_breakpoint\":\"m\",\"icon_width\":80,\"image\":\"wp-content\\\/uploads\\\/2025\\\/11\\\/Image-accueil01.jpg\",\"image_align\":\"top\",\"image_grid_breakpoint\":\"m\",\"image_grid_width\":\"1-2\",\"image_loading\":true,\"image_svg_color\":\"emphasis\",\"link_style\":\"default\",\"link_text\":\"Read more\",\"margin\":\"default\",\"meta\":\"Experts conseils sp\\u00e9cialistes du transport\",\"meta_align\":\"below-title\",\"meta_element\":\"div\",\"meta_style\":\"text-lead\",\"panel_style\":\"card-secondary\",\"text_align\":\"center\",\"title\":\"Solutions Conformit\\u00e9 Globale\",\"title_align\":\"top\",\"title_element\":\"h3\",\"title_grid_breakpoint\":\"m\",\"title_grid_width\":\"1-2\",\"title_hover_style\":\"reset\",\"title_style\":\"h1\"},\"name\":\"Titre-Desktop\"},{\"type\":\"panel\",\"props\":{\"blend\":false,\"class\":\"uk-hidden@s\",\"content\":\"\",\"content_column_breakpoint\":\"m\",\"icon_width\":80,\"image\":\"wp-content\\\/uploads\\\/2025\\\/11\\\/Image-accueil01.jpg\",\"image_align\":\"top\",\"image_grid_breakpoint\":\"m\",\"image_grid_width\":\"1-2\",\"image_loading\":true,\"image_svg_color\":\"emphasis\",\"link_style\":\"default\",\"link_text\":\"Read more\",\"margin\":\"default\",\"meta\":\"Experts conseils sp\\u00e9cialistes <\\\/br>du transport\",\"meta_align\":\"below-title\",\"meta_element\":\"div\",\"meta_style\":\"text-lead\",\"panel_style\":\"card-secondary\",\"text_align\":\"center\",\"title\":\"Solutions <\\\/br>Conformit\\u00e9 <\\\/br>Globale\",\"title_align\":\"top\",\"title_element\":\"h3\",\"title_grid_breakpoint\":\"m\",\"title_grid_width\":\"1-2\",\"title_hover_style\":\"reset\",\"title_style\":\"h1\"},\"name\":\"Titre-Mobile\"}]}]}]},{\"type\":\"section\",\"props\":{\"image_position\":\"center-center\",\"style\":\"default\",\"title_breakpoint\":\"xl\",\"title_position\":\"top-left\",\"title_rotation\":\"left\",\"vertical_align\":\"middle\",\"width\":\"xsmall\"},\"children\":[{\"type\":\"row\",\"children\":[{\"type\":\"column\",\"props\":{\"image_position\":\"center-center\",\"position_sticky_breakpoint\":\"m\"},\"children\":[{\"type\":\"text\",\"props\":{\"column_breakpoint\":\"m\",\"content\":\"\n\n<p><\\\/p>\\n\n\n<p dir=\\\"ltr\\\" class=\\\"yiv1126694413MsoNormal\\\"><span>Les exigences en mati\\u00e8re de conformit\\u00e9 sont de plus en plus complexes et strictes.<\\\/span><\\\/p>\\n\n\n<p class=\\\"yiv1126694413MsoNormal\\\"><span>Les contr\\u00f4les se multiplient et les risques financiers et op\\u00e9rationnels sont bien r\\u00e9els.<\\\/span><\\\/p>\\n\n\n<div dir=\\\"ltr\\\"><span>Nous offrons des solutions pour r\\u00e9duire les risques, s\\u00e9curiser les op\\u00e9rations et faciliter le travail quotidien des gestionnaires de flotte.<\\\/span><\\\/div>\",\"margin\":\"default\"}}]}]}]}],\"version\":\"4.5.32\"} --><\/p>\n","protected":false},"excerpt":{"rendered":"<p>Solutions Conformit\u00e9 Globale Experts conseils sp\u00e9cialistes du transport Solutions Conformit\u00e9 Globale Experts conseils sp\u00e9cialistes du transport Les exigences en mati\u00e8re de conformit\u00e9 sont de plus en plus complexes et strictes. Les contr\u00f4les se multiplient et les risques financiers et op\u00e9rationnels sont bien r\u00e9els. Nous offrons des solutions pour r\u00e9duire les risques, s\u00e9curiser les op\u00e9rations et [&hellip;]<\/p>\n","protected":false},"author":1,"featured_media":2554,"parent":0,"menu_order":10,"comment_status":"closed","ping_status":"closed","template":"","meta":{"footnotes":""},"class_list":["post-1","page","type-page","status-publish","has-post-thumbnail","hentry"],"_links":{"self":[{"href":"https:\/\/conformiteglobale.com\/index.php?rest_route=\/wp\/v2\/pages\/1","targetHints":{"allow":["GET"]}}],"collection":[{"href":"https:\/\/conformiteglobale.com\/index.php?rest_route=\/wp\/v2\/pages"}],"about":[{"href":"https:\/\/conformiteglobale.com\/index.php?rest_route=\/wp\/v2\/types\/page"}],"author":[{"embeddable":true,"href":"https:\/\/conformiteglobale.com\/index.php?rest_route=\/wp\/v2\/users\/1"}],"replies":[{"embeddable":true,"href":"https:\/\/conformiteglobale.com\/index.php?rest_route=%2Fwp%2Fv2%2Fcomments&post=1"}],"version-history":[{"count":54,"href":"https:\/\/conformiteglobale.com\/index.php?rest_route=\/wp\/v2\/pages\/1\/revisions"}],"predecessor-version":[{"id":2759,"href":"https:\/\/conformiteglobale.com\/index.php?rest_route=\/wp\/v2\/pages\/1\/revisions\/2759"}],"wp:featuredmedia":[{"embeddable":true,"href":"https:\/\/conformiteglobale.com\/index.php?rest_route=\/wp\/v2\/media\/2554"}],"wp:attachment":[{"href":"https:\/\/conformiteglobale.com\/index.php?rest_route=%2Fwp%2Fv2%2Fmedia&parent=1"}],"curies":[{"name":"wp","href":"https:\/\/api.w.org\/{rel}","templated":true}]}}